 factors of l?
3, 5
Let o = 12 + -10. What are the prime factors of (-3)/o*(-22)/3?
11
Suppose -2*z - 130 = -5*p + 3*z, -3*p - 4*z = -85. Let j be (-2)/3*p/(-6). Suppose 8*c = j*c + 25. What are the prime factors of c?
5
Let y = 4 + -2. List the prime factors of 1*(y - 1)*9.
3
Suppose 0*s = -5*s. Suppose -r + 3*x + 53 = 0, 5*r - x = -s*r + 209. What are the prime factors of r?
41
Suppose -a - 10 = -4*i, -i - 2*a = -a. Let g be (i/3)/(6/(-36)). Let r(z) = z**3 + 5*z**2 + z - 1. What are the prime factors of r(g)?
11
Suppose -1350 = -3*m - 6*m. List the prime factors of m.
2, 3, 5
Suppose 0*g + g + 52 = x, -4*x + g + 205 = 0. List the prime factors of x.
3, 17
Let i = 17 - 26. Let q = 1 - i. What are the prime factors of q?
2, 5
Suppose 3*c - 22 = 3*a + 20, 3*a - 66 = -3*c. Suppose c - 48 = -5*f. Suppose -f = -w - 3. What are the prime factors of w?
3
Suppose -b - 3*b + 4 = 0, b = 3*z + 13. Suppose 4*x - 2*x - 6 = -3*u, 0 = 3*x + 2*u - 14. Let m = x + z. List the prime factors of m.
2
What are the prime factors of ((-6)/9)/((-4)/192)?
2
Let x(y) = -y**3 + 5*y**2 + 3*y - 3. List the prime factors of x(5).
2, 3
Let p = -5 + 9. Suppose p*z - 10 - 54 = 0. List the prime factors of z.
2
What are the prime factors of (-1 + -65)*(-1)/2?
3, 11
Let u(t) = 6*t**2 + 2*t. Let k be u(2). Let c(p) = -4*p + 7. Let j be c(6). Let x = j + k. What are the prime factors of x?
11
Let k(t) be the first derivative of t**4/4 - t**3 - 5*t**2/2 - 4*t - 5. List the prime factors of k(5).
3, 7
List the prime factors of 1 - (-6 - -1*(2 - 1)).
2, 3
Suppose 0 = -4*d + 47 + 13. List the prime factors of 2/(-5) + 171/d.
11
Let t = -25 - -49. Let p be 35*((-4)/5)/(-1). Suppose 3*y = -2*n + t, 5*y = -2*n - 0*y + p. What are the prime factors of n?
3
Suppose -3*u = -5*d - 205, 5*u + 4*d - 114 = 277. List the prime factors of u.
3, 5
Suppose 5*r - 7 = 18. Suppose r*g - 5 + 0 = 0. List the prime factors of (15/(-6))/(g/(-2)).
5
Let i(h) = -h**3 + 10*h**2 + 8*h + 2. List the prime factors of i(10).
2, 41
Let f = -5 + 8. Suppose 0*h = -f*h + 24. List the prime factors of h.
2
Let i = 249 + -30. List the prime factors of i.
3, 73
Let x be 9129/21 - 4/(-14). Let m be 2*(x/(-6) + 0). List the prime factors of 2/(-13) + m/(-13).
11
What are the prime factors of 8/((-16)/(-6)) - (-1 - 103)?
107
Let v(k) = -k - 2. Let d(n) = 1. Let c(a) = 7*d(a) + 2*v(a). List the prime factors of c(-8).
19
Suppose 4*r + 2*m - 5*m = 432, 0 = -2*r - 3*m + 216. List the prime factors of r.
2, 3
Let q(x) = -3*x**3 + x**2 - 2*x + 113. What are the prime factors of q(0)?
113
Let p(u) = -4*u + 11. What are the prime factors of p(-4)?
3
Suppose n - 15 = -4*n. Suppose -n*k = t - 0*t - 13, -t = -5*k + 11. List the prime factors of t.
2
Suppose 15 + 10 = 5*n. Suppose -21 + 1 = -n*o. Suppose -o*r - 36 = -0*x - 5*x, -3*x + r = -16. What are the prime factors of x?
2
List the prime factors of 18/4*(-104)/(-12).
3, 13
Suppose 5*l + 375 = -2*m + 7*m, 156 = -2*l - m. List the prime factors of (-2)/(-11) + (-1603)/l.
3, 7
Let r = -31 - -45. What are the prime factors of 1/5 - r/(-5)?
3
Let b be (-114)/(-12) - 2/4. Suppose b + 11 = 4*y. What are the prime factors of y?
5
Let b(z) = z**2 - 12*z + 7. List the prime factors of b(12).
7
Suppose 3*m = -5*s + 324, -2*s = m + 2*m - 135. What are the prime factors of s?
3, 7
What are the prime factors of (18/(-7))/((-4)/(-784)*-6)?
2, 3, 7
Let c(j) = 3*j**2 + 4*j + 29. List the prime factors of c(7).
2, 3, 17
Let u(k) = 62*k**3 + k**2. List the prime factors of u(1).
3, 7
Suppose x = w - 0*w - 5, -3*w - 4*x + 22 = 0. Suppose 3*f - w*f = 0. Let h = 10 - f. List the prime factors of h.
2, 5
Let g = -4 - -6. Let i(b) = -b**3 + b + 1. Let d be i(g). Let w(s) = -s + 3. What are the prime factors of w(d)?
2
Let y(v) = 14*v - 23. Let r be y(12). Suppose -h = -4*o - 2*h + r, 0 = 2*h - 10. List the prime factors of o.
5, 7
Suppose 0 = 2*b - 3*y + 7*y - 126, -3*b + 185 = 5*y. List the prime factors of b.
5, 11
Let f = 5 - -5. Suppose 5*r - f = -0*r. Suppose -4*i = r - 10. What are the prime factors of i?
2
Let h(l) = -l**2 + 2*l + 2. Let b be h(5). Suppose 29 = 4*v - 87. Let a = b + v. What are the prime factors of a?
2
Let k be ((-15)/2)/5*2. Let t = k + 5. What are the prime factors of (-102)/(-9) + t/3?
2, 3
Suppose 11*r - 10*r - 13 = 0. What are the prime factors of r?
13
Suppose 0 = f + 2*f - 21. Suppose -v - 8 = f. Let p = -6 - v. List the prime factors of p.
3
What are the prime factors of 2/12 + (-753)/(-18)?
2, 3, 7
Suppose -4*n - 4*y - 16 = 0, 0*y + 3*y + 6 = 0. Let l be 9/(-6) - (-3)/n. List the prime factors of (-6)/l*(-9)/(-3).
2, 3
List the prime factors of (-612)/(-54) - 4/3.
2, 5
Suppose -6*w = -3*w - 12. Let h = 23 - 13. List the prime factors of (2 - h/w)*-30.
3, 5
Let s be 3*-1 - (-13 - -6). Suppose s*k - 39 = 45. List the prime factors of k.
3, 7
Let x = 1 - -1. Suppose -18 = -4*s + 5*r, -2*r - 3*r = -x*s + 4. What are the prime factors of s?
7
Suppose -5*c = -5*r + 1 - 31, 2*c = -r. Let x be (-6)/c - -2 - 17. Let z = x - -25. What are the prime factors of z?
7
Suppose -5*k + k - 68 = 0. Let r be k/(-5) + 4/(-10). Let s = r + 6. List the prime factors of s.
3
Let x(u) = -u**3 + 6*u**2 - 6*u + 5. Let z be x(5). Let y be 0 - (-3 - (z + -1)). List the prime factors of ((-5)/15)/(y/(-42)).
7
Let t = 868 + -600. List the prime factors of t.
2, 67
Suppose l - 14 = -4*c + 20, -3*c = -12. Let o = 10 - l. What are the prime factors of (o/(-1))/1 + -2?
2, 3
What are the prime factors of ((-386)/8)/(3/4 + -1)?
193
Let h(u) = u**2 - 8*u - 7. Let f be h(7). What are the prime factors of 2 + (0 - f) - -2?
2, 3
Suppose 6*s = -19 + 349. What are the prime factors of s?
5, 11
Let n(q) = q**2 - 4*q - 6. Suppose 0 = x + 4*x - 30. What are the prime factors of n(x)?
2, 3
Suppose 3*m = 3*y + 21, 2*m = 3*y + 23 - 5. Suppose -5*b + 15 = 0, -4*b - 5 = m*x - 35. List the prime factors of x.
2, 3
Suppose 0 = 5*l - 10, 0*l + 5*l - 22 = -3*p. Suppose 2*t + 8 = 0, p = 2*i - 5*t - 38. What are the prime factors of i?
11
List the prime factors of ((-34)/10 + 3)*-125.
2, 5
Suppose -8*a = 34 - 146. What are the prime factors of a?
2, 7
Let g(k) = -2*k**3 - 23*k**2 - 8*k + 9. List the prime factors of g(-12).
3, 83
Let b(o) = o**2 + 2*o + 1. Let p be b(-2). Suppose -a - p = -14. List the prime factors of a.
13
Suppose s - 2*s + 116 = 0. What are the prime factors of s?
2, 29
Suppose 103 = -4*t + 371. Suppose t + 18 = 5*y. List the prime factors of y.
17
Suppose -2 = 2*s + 22. What are the prime factors of -2*(-12)/(-8)*s?
2, 3
Let k(r) = 3*r + 6. Let j be k(6). Suppose 68 = 2*d + j. What are the prime factors of d?
2, 11
Let l(c) = c**3 - 7*c**2 + 6*c - 2. Suppose -2*y - 2*h = -3*y + 3, -5*y = h - 37. What are the prime factors of l(y)?
2, 5
Let u(m) = m**3 + 8*m**2 - 4*m + 7. List the prime factors of u(-7).
2, 3, 7
Let x(b) = b**2 + 4*b - 4. List the prime factors of x(4).
2, 7
List the prime factors of 1 - -385 - 30/(-5).
2, 7
Let u(t) = -t**3 + 8*t**2 + 2*t + 4. What are the prime factors of u(7)?
67
Let b = 5 + -3. Suppose 2 + b = 4*t. Suppose g = -2*u + 10, u = -4*g + 41 - t. What are the prime factors of g?
2, 5
Let t(p) = -6*p - 1. Let n be t(-8). Suppose -3*y + 5*y + n = 3*q, 44 = q + 5*y. What are the prime factors of q?
19
Suppose 62 + 46 = 4*q. List the prime factors of q.
3
Let d be -26*(-7)/(7/2). Suppose 4*k = 6*k - d. What are the prime factors of k?
2, 13
Let w = 10 + -3. Let u = w - 4. What are the prime factors of u?
3
Suppose 0 = u + 2*u - 6, v + 18 = 3*u. Let k = v - -30. What are the prime factors of k?
2, 3
Suppose 0 = 2*k + 1 + 21. Let v = -7 - k. Suppose 0 = -5*d - 2*z + 80, 5*d - 90 = -0*z - v*z. What are the prime factors of d?
2, 7
Let m = 16 - 12. List the prime factors of m.
2
Let v be (6/(-1))/(6/(-4)). Suppose -4*q - 15 = -v*c + 1, 0 = 3*c - 5*q - 16. Let h(r) = r**3 - r**2 - 2*r + 2. List the prime factors of h(c).
2
List the prime factors of (-6)/(-24) - (-222)/8.
2, 7
Suppose 3*f = 13 + 2. Suppose 3*d - 1 = f. Suppose 5*w - 5*x = 25, 0 = d*w - 7*w + x + 29. List the prime factors of w.
2, 3
List the prime factors of (2 + -17)*4/(-6).
2, 5
Suppose 5*h - 600 = -5*h. List the prime factors of h.
2, 3, 5
Let g(u) = u**2 - 5*u - 6. Let j be (-1 + -4)*(1 + -2). Let s be g